{"id":1519,"date":"2026-03-18T15:28:22","date_gmt":"2026-03-18T14:28:22","guid":{"rendered":"https:\/\/www.gobiodif.com\/?page_id=1519"},"modified":"2026-03-18T15:28:24","modified_gmt":"2026-03-18T14:28:24","slug":"formulario-de-inscripcion-ii-webinar-go-biodif","status":"publish","type":"page","link":"https:\/\/www.gobiodif.com\/?page_id=1519","title":{"rendered":"Formulario de inscripci\u00f3n: II Webinar GO BIODIF"},"content":{"rendered":"\t\t<div data-elementor-type=\"wp-page\" data-elementor-id=\"1519\" class=\"elementor elementor-1519\">\n\t\t\t\t<div class=\"elementor-element elementor-element-6dde065 e-con-full e-flex e-con e-parent\" data-id=\"6dde065\" data-element_type=\"container\" data-e-type=\"container\">\n\t\t\t\t<div class=\"elementor-element elementor-element-54a5a91 elementor-widget elementor-widget-image\" data-id=\"54a5a91\" data-element_type=\"widget\" data-e-type=\"widget\" data-widget_type=\"image.default\">\n\t\t\t\t<div class=\"elementor-widget-container\">\n\t\t\t\t\t\t\t\t\t\t\t\t\t\t\t<img fetchpriority=\"high\" decoding=\"async\" width=\"1024\" height=\"320\" src=\"https:\/\/www.gobiodif.com\/wp-content\/uploads\/2026\/03\/Cartel-WEBINAR-II-1024x320.png\" class=\"attachment-large size-large wp-image-1506\" alt=\"\" srcset=\"https:\/\/www.gobiodif.com\/wp-content\/uploads\/2026\/03\/Cartel-WEBINAR-II-1024x320.png 1024w, https:\/\/www.gobiodif.com\/wp-content\/uploads\/2026\/03\/Cartel-WEBINAR-II-300x94.png 300w, https:\/\/www.gobiodif.com\/wp-content\/uploads\/2026\/03\/Cartel-WEBINAR-II-768x240.png 768w, https:\/\/www.gobiodif.com\/wp-content\/uploads\/2026\/03\/Cartel-WEBINAR-II-1000x313.png 1000w, https:\/\/www.gobiodif.com\/wp-content\/uploads\/2026\/03\/Cartel-WEBINAR-II-230x72.png 230w, https:\/\/www.gobiodif.com\/wp-content\/uploads\/2026\/03\/Cartel-WEBINAR-II-350x109.png 350w, https:\/\/www.gobiodif.com\/wp-content\/uploads\/2026\/03\/Cartel-WEBINAR-II-480x150.png 480w, https:\/\/www.gobiodif.com\/wp-content\/uploads\/2026\/03\/Cartel-WEBINAR-II.png 1491w\" sizes=\"(max-width: 1024px) 100vw, 1024px\" \/>\t\t\t\t\t\t\t\t\t\t\t\t\t\t\t<\/div>\n\t\t\t\t<\/div>\n\t\t\t\t<div class=\"elementor-element elementor-element-abbdfcc elementor-widget__width-initial elementor-widget elementor-widget-wpforms\" data-id=\"abbdfcc\" data-element_type=\"widget\" data-e-type=\"widget\" data-widget_type=\"wpforms.default\">\n\t\t\t\t<div class=\"elementor-widget-container\">\n\t\t\t\t\t<div class=\"wpforms-container wpforms-container-full wpforms-render-modern\" id=\"wpforms-1514\"><form id=\"wpforms-form-1514\" class=\"wpforms-validate wpforms-form wpforms-ajax-form\" data-formid=\"1514\" method=\"post\" enctype=\"multipart\/form-data\" action=\"\/index.php?rest_route=%2Fwp%2Fv2%2Fpages%2F1519\" data-token=\"b94a1f5fbbea8671a1b2efc6c1d86e37\" data-token-time=\"1775888907\"><noscript class=\"wpforms-error-noscript\">Por favor, activa JavaScript en tu navegador para completar este formulario.<\/noscript><div id=\"wpforms-error-noscript\" style=\"display: none;\">Por favor, activa JavaScript en tu navegador para completar este formulario.<\/div><div class=\"wpforms-field-container\">\t\t<div id=\"wpforms-1514-field_6-container\"\n\t\t\tclass=\"wpforms-field wpforms-field-text\"\n\t\t\tdata-field-type=\"text\"\n\t\t\tdata-field-id=\"6\"\n\t\t\t>\n\t\t\t<label class=\"wpforms-field-label\" for=\"wpforms-1514-field_6\" >Cargo Tel\u00e9fono Nombre<\/label>\n\t\t\t<input type=\"text\" id=\"wpforms-1514-field_6\" class=\"wpforms-field-medium\" name=\"wpforms[fields][6]\" >\n\t\t<\/div>\n\t\t<div id=\"wpforms-1514-field_1-container\" class=\"wpforms-field wpforms-field-name\" data-field-id=\"1\"><fieldset><legend class=\"wpforms-field-label\">Nombre <span class=\"wpforms-required-label\" aria-hidden=\"true\">*<\/span><\/legend><div class=\"wpforms-field-row wpforms-field-medium\"><div class=\"wpforms-field-row-block wpforms-first wpforms-one-half\"><input type=\"text\" id=\"wpforms-1514-field_1\" class=\"wpforms-field-name-first wpforms-field-required\" name=\"wpforms[fields][1][first]\" aria-errormessage=\"wpforms-1514-field_1-error\" required><label for=\"wpforms-1514-field_1\" class=\"wpforms-field-sublabel after\">Nombre<\/label><\/div><div class=\"wpforms-field-row-block wpforms-one-half\"><input type=\"text\" id=\"wpforms-1514-field_1-last\" class=\"wpforms-field-name-last wpforms-field-required\" name=\"wpforms[fields][1][last]\" aria-errormessage=\"wpforms-1514-field_1-last-error\" required><label for=\"wpforms-1514-field_1-last\" class=\"wpforms-field-sublabel after\">Apellidos<\/label><\/div><\/div><\/fieldset><\/div><div id=\"wpforms-1514-field_2-container\" class=\"wpforms-field wpforms-field-text\" data-field-id=\"2\"><label class=\"wpforms-field-label\" for=\"wpforms-1514-field_2\">Entidad <span class=\"wpforms-required-label\" aria-hidden=\"true\">*<\/span><\/label><input type=\"text\" id=\"wpforms-1514-field_2\" class=\"wpforms-field-medium wpforms-field-required\" name=\"wpforms[fields][2]\" aria-errormessage=\"wpforms-1514-field_2-error\" required><\/div><div id=\"wpforms-1514-field_3-container\" class=\"wpforms-field wpforms-field-text\" data-field-id=\"3\"><label class=\"wpforms-field-label\" for=\"wpforms-1514-field_3\">Cargo <span class=\"wpforms-required-label\" aria-hidden=\"true\">*<\/span><\/label><input type=\"text\" id=\"wpforms-1514-field_3\" class=\"wpforms-field-medium wpforms-field-required\" name=\"wpforms[fields][3]\" aria-errormessage=\"wpforms-1514-field_3-error\" required><\/div><div id=\"wpforms-1514-field_5-container\" class=\"wpforms-field wpforms-field-email\" data-field-id=\"5\"><label class=\"wpforms-field-label\" for=\"wpforms-1514-field_5\">Correo electr\u00f3nico <span class=\"wpforms-required-label\" aria-hidden=\"true\">*<\/span><\/label><input type=\"email\" id=\"wpforms-1514-field_5\" class=\"wpforms-field-medium wpforms-field-required\" name=\"wpforms[fields][5]\" spellcheck=\"false\" aria-errormessage=\"wpforms-1514-field_5-error\" required><\/div><div id=\"wpforms-1514-field_4-container\" class=\"wpforms-field wpforms-field-number\" data-field-id=\"4\"><label class=\"wpforms-field-label\" for=\"wpforms-1514-field_4\">Tel\u00e9fono<\/label><input type=\"number\" id=\"wpforms-1514-field_4\" class=\"wpforms-field-medium\" name=\"wpforms[fields][4]\" step=\"any\" aria-errormessage=\"wpforms-1514-field_4-error\" ><\/div><script>\n\t\t\t\t( function() {\n\t\t\t\t\tconst style = document.createElement( 'style' );\n\t\t\t\t\tstyle.appendChild( document.createTextNode( '#wpforms-1514-field_6-container { position: absolute !important; overflow: hidden !important; display: inline !important; height: 1px !important; width: 1px !important; z-index: -1000 !important; padding: 0 !important; } #wpforms-1514-field_6-container input { visibility: hidden; } #wpforms-conversational-form-page #wpforms-1514-field_6-container label { counter-increment: none; }' ) );\n\t\t\t\t\tdocument.head.appendChild( style );\n\t\t\t\t\tdocument.currentScript?.remove();\n\t\t\t\t} )();\n\t\t\t<\/script><\/div><!-- .wpforms-field-container --><div class=\"wpforms-submit-container\" ><input type=\"hidden\" name=\"wpforms[id]\" value=\"1514\"><input type=\"hidden\" name=\"page_title\" value=\"\"><input type=\"hidden\" name=\"page_url\" value=\"https:\/\/www.gobiodif.com\/index.php?rest_route=\/wp\/v2\/pages\/1519\"><input type=\"hidden\" name=\"url_referer\" value=\"\"><button type=\"submit\" name=\"wpforms[submit]\" id=\"wpforms-submit-1514\" class=\"wpforms-submit\" data-alt-text=\"Enviando...\" data-submit-text=\"Enviar\" aria-live=\"assertive\" value=\"wpforms-submit\">Enviar<\/button><img decoding=\"async\" src=\"https:\/\/www.gobiodif.com\/wp-content\/plugins\/wpforms\/assets\/images\/submit-spin.svg\" class=\"wpforms-submit-spinner\" style=\"display: none;\" width=\"26\" height=\"26\" alt=\"Cargando\"><\/div><\/form><\/div>  <!-- .wpforms-container -->\t\t\t\t<\/div>\n\t\t\t\t<\/div>\n\t\t\t\t<div class=\"elementor-element elementor-element-f9bb0a3 elementor-widget elementor-widget-text-editor\" data-id=\"f9bb0a3\" data-element_type=\"widget\" data-e-type=\"widget\" data-widget_type=\"text-editor.default\">\n\t\t\t\t<div class=\"elementor-widget-container\">\n\t\t\t\t\t\t\t\t\t<p><strong><em style=\"color: #212529; font-family: 'Source Sans Pro', Helvetica, Arial, Lucida, sans-serif; font-size: 15.75px; background-color: #dedede;\">*Nota: al cumplimentar este formulario consiente que sus datos personales sean tratados por BIOVEGEN-Plataforma Tecnol\u00f3gica de Biotecnolog\u00eda Vegetal para gestionar su participaci\u00f3n en \u00abII Webinar GO BIODIF: biofuncionalizaci\u00f3n de cultivos estrat\u00e9gicos nacionales para la mejora de su competitividad en el mercado\u00bb y recibir informaci\u00f3n relativa al proyecto. Si desea modificar o dar de baja sus datos personales, puede hacerlo enviando un email a la direcci\u00f3n de correo electr\u00f3nico <a style=\"color: #588e0d; border-bottom: 1px dotted #6aad10;\" href=\"mailto:dlapuente@invegen.org\" target=\"_blank\" rel=\"noreferrer noopener\">dlapuente@invegen.org<\/a><\/em><\/strong><\/p>\t\t\t\t\t\t\t\t<\/div>\n\t\t\t\t<\/div>\n\t\t\t\t<\/div>\n\t\t\t\t<\/div>\n\t\t","protected":false},"excerpt":{"rendered":"<p>Por favor, activa JavaScript en tu navegador para completar este formulario.Por favor, activa JavaScript en tu navegador para completar este formulario. Nombre [&hellip;]<\/p>\n","protected":false},"author":4,"featured_media":0,"parent":0,"menu_order":0,"comment_status":"closed","ping_status":"closed","template":"","meta":{"footnotes":""},"class_list":["post-1519","page","type-page","status-publish","hentry"],"yoast_head":"<!-- This site is optimized with the Yoast SEO plugin v27.3 - https:\/\/yoast.com\/product\/yoast-seo-wordpress\/ -->\r\n<title>Formulario de inscripci\u00f3n: II Webinar GO BIODIF - Go BIODIF<\/title>\r\n<meta name=\"robots\" content=\"index, follow, max-snippet:-1, max-image-preview:large, max-video-preview:-1\" \/>\r\n<link rel=\"canonical\" href=\"https:\/\/www.gobiodif.com\/?page_id=1519\" \/>\r\n<meta property=\"og:locale\" content=\"es_ES\" \/>\r\n<meta property=\"og:type\" content=\"article\" \/>\r\n<meta property=\"og:title\" content=\"Formulario de inscripci\u00f3n: II Webinar GO BIODIF - Go BIODIF\" \/>\r\n<meta property=\"og:description\" content=\"Por favor, activa JavaScript en tu navegador para completar este formulario.Por favor, activa JavaScript en tu navegador para completar este formulario. Nombre [&hellip;]\" \/>\r\n<meta property=\"og:url\" content=\"https:\/\/www.gobiodif.com\/?page_id=1519\" \/>\r\n<meta property=\"og:site_name\" content=\"Go BIODIF\" \/>\r\n<meta property=\"article:modified_time\" content=\"2026-03-18T14:28:24+00:00\" \/>\r\n<meta property=\"og:image\" content=\"https:\/\/www.gobiodif.com\/wp-content\/uploads\/2026\/03\/Cartel-WEBINAR-II-1024x320.png\" \/>\r\n<meta name=\"twitter:card\" content=\"summary_large_image\" \/>\r\n<meta name=\"twitter:label1\" content=\"Tiempo de lectura\" \/>\n\t<meta name=\"twitter:data1\" content=\"1 minuto\" \/>\r\n<script type=\"application\/ld+json\" class=\"yoast-schema-graph\">{\"@context\":\"https:\\\/\\\/schema.org\",\"@graph\":[{\"@type\":\"WebPage\",\"@id\":\"https:\\\/\\\/www.gobiodif.com\\\/?page_id=1519\",\"url\":\"https:\\\/\\\/www.gobiodif.com\\\/?page_id=1519\",\"name\":\"Formulario de inscripci\u00f3n: II Webinar GO BIODIF - Go BIODIF\",\"isPartOf\":{\"@id\":\"https:\\\/\\\/www.gobiodif.com\\\/#website\"},\"primaryImageOfPage\":{\"@id\":\"https:\\\/\\\/www.gobiodif.com\\\/?page_id=1519#primaryimage\"},\"image\":{\"@id\":\"https:\\\/\\\/www.gobiodif.com\\\/?page_id=1519#primaryimage\"},\"thumbnailUrl\":\"https:\\\/\\\/www.gobiodif.com\\\/wp-content\\\/uploads\\\/2026\\\/03\\\/Cartel-WEBINAR-II-1024x320.png\",\"datePublished\":\"2026-03-18T14:28:22+00:00\",\"dateModified\":\"2026-03-18T14:28:24+00:00\",\"breadcrumb\":{\"@id\":\"https:\\\/\\\/www.gobiodif.com\\\/?page_id=1519#breadcrumb\"},\"inLanguage\":\"es\",\"potentialAction\":[{\"@type\":\"ReadAction\",\"target\":[\"https:\\\/\\\/www.gobiodif.com\\\/?page_id=1519\"]}]},{\"@type\":\"ImageObject\",\"inLanguage\":\"es\",\"@id\":\"https:\\\/\\\/www.gobiodif.com\\\/?page_id=1519#primaryimage\",\"url\":\"https:\\\/\\\/www.gobiodif.com\\\/wp-content\\\/uploads\\\/2026\\\/03\\\/Cartel-WEBINAR-II.png\",\"contentUrl\":\"https:\\\/\\\/www.gobiodif.com\\\/wp-content\\\/uploads\\\/2026\\\/03\\\/Cartel-WEBINAR-II.png\",\"width\":1491,\"height\":466},{\"@type\":\"BreadcrumbList\",\"@id\":\"https:\\\/\\\/www.gobiodif.com\\\/?page_id=1519#breadcrumb\",\"itemListElement\":[{\"@type\":\"ListItem\",\"position\":1,\"name\":\"Portada\",\"item\":\"https:\\\/\\\/www.gobiodif.com\\\/\"},{\"@type\":\"ListItem\",\"position\":2,\"name\":\"Formulario de inscripci\u00f3n: II Webinar GO BIODIF\"}]},{\"@type\":\"WebSite\",\"@id\":\"https:\\\/\\\/www.gobiodif.com\\\/#website\",\"url\":\"https:\\\/\\\/www.gobiodif.com\\\/\",\"name\":\"Go BIODIF\",\"description\":\"Grupo Operativo Biofuncionalizaci\u00f3n de Cultivos Estrat\u00e9gicos\",\"publisher\":{\"@id\":\"https:\\\/\\\/www.gobiodif.com\\\/#organization\"},\"potentialAction\":[{\"@type\":\"SearchAction\",\"target\":{\"@type\":\"EntryPoint\",\"urlTemplate\":\"https:\\\/\\\/www.gobiodif.com\\\/?s={search_term_string}\"},\"query-input\":{\"@type\":\"PropertyValueSpecification\",\"valueRequired\":true,\"valueName\":\"search_term_string\"}}],\"inLanguage\":\"es\"},{\"@type\":\"Organization\",\"@id\":\"https:\\\/\\\/www.gobiodif.com\\\/#organization\",\"name\":\"Go BIODIF\",\"url\":\"https:\\\/\\\/www.gobiodif.com\\\/\",\"logo\":{\"@type\":\"ImageObject\",\"inLanguage\":\"es\",\"@id\":\"https:\\\/\\\/www.gobiodif.com\\\/#\\\/schema\\\/logo\\\/image\\\/\",\"url\":\"https:\\\/\\\/www.gobiodif.com\\\/wp-content\\\/uploads\\\/2025\\\/01\\\/logo-biodif.png\",\"contentUrl\":\"https:\\\/\\\/www.gobiodif.com\\\/wp-content\\\/uploads\\\/2025\\\/01\\\/logo-biodif.png\",\"width\":1750,\"height\":599,\"caption\":\"Go BIODIF\"},\"image\":{\"@id\":\"https:\\\/\\\/www.gobiodif.com\\\/#\\\/schema\\\/logo\\\/image\\\/\"}}]}<\/script>\r\n<!-- \/ Yoast SEO plugin. -->","yoast_head_json":{"title":"Formulario de inscripci\u00f3n: II Webinar GO BIODIF - Go BIODIF","robots":{"index":"index","follow":"follow","max-snippet":"max-snippet:-1","max-image-preview":"max-image-preview:large","max-video-preview":"max-video-preview:-1"},"canonical":"https:\/\/www.gobiodif.com\/?page_id=1519","og_locale":"es_ES","og_type":"article","og_title":"Formulario de inscripci\u00f3n: II Webinar GO BIODIF - Go BIODIF","og_description":"Por favor, activa JavaScript en tu navegador para completar este formulario.Por favor, activa JavaScript en tu navegador para completar este formulario. Nombre [&hellip;]","og_url":"https:\/\/www.gobiodif.com\/?page_id=1519","og_site_name":"Go BIODIF","article_modified_time":"2026-03-18T14:28:24+00:00","og_image":[{"url":"https:\/\/www.gobiodif.com\/wp-content\/uploads\/2026\/03\/Cartel-WEBINAR-II-1024x320.png","type":"","width":"","height":""}],"twitter_card":"summary_large_image","twitter_misc":{"Tiempo de lectura":"1 minuto"},"schema":{"@context":"https:\/\/schema.org","@graph":[{"@type":"WebPage","@id":"https:\/\/www.gobiodif.com\/?page_id=1519","url":"https:\/\/www.gobiodif.com\/?page_id=1519","name":"Formulario de inscripci\u00f3n: II Webinar GO BIODIF - Go BIODIF","isPartOf":{"@id":"https:\/\/www.gobiodif.com\/#website"},"primaryImageOfPage":{"@id":"https:\/\/www.gobiodif.com\/?page_id=1519#primaryimage"},"image":{"@id":"https:\/\/www.gobiodif.com\/?page_id=1519#primaryimage"},"thumbnailUrl":"https:\/\/www.gobiodif.com\/wp-content\/uploads\/2026\/03\/Cartel-WEBINAR-II-1024x320.png","datePublished":"2026-03-18T14:28:22+00:00","dateModified":"2026-03-18T14:28:24+00:00","breadcrumb":{"@id":"https:\/\/www.gobiodif.com\/?page_id=1519#breadcrumb"},"inLanguage":"es","potentialAction":[{"@type":"ReadAction","target":["https:\/\/www.gobiodif.com\/?page_id=1519"]}]},{"@type":"ImageObject","inLanguage":"es","@id":"https:\/\/www.gobiodif.com\/?page_id=1519#primaryimage","url":"https:\/\/www.gobiodif.com\/wp-content\/uploads\/2026\/03\/Cartel-WEBINAR-II.png","contentUrl":"https:\/\/www.gobiodif.com\/wp-content\/uploads\/2026\/03\/Cartel-WEBINAR-II.png","width":1491,"height":466},{"@type":"BreadcrumbList","@id":"https:\/\/www.gobiodif.com\/?page_id=1519#breadcrumb","itemListElement":[{"@type":"ListItem","position":1,"name":"Portada","item":"https:\/\/www.gobiodif.com\/"},{"@type":"ListItem","position":2,"name":"Formulario de inscripci\u00f3n: II Webinar GO BIODIF"}]},{"@type":"WebSite","@id":"https:\/\/www.gobiodif.com\/#website","url":"https:\/\/www.gobiodif.com\/","name":"Go BIODIF","description":"Grupo Operativo Biofuncionalizaci\u00f3n de Cultivos Estrat\u00e9gicos","publisher":{"@id":"https:\/\/www.gobiodif.com\/#organization"},"potentialAction":[{"@type":"SearchAction","target":{"@type":"EntryPoint","urlTemplate":"https:\/\/www.gobiodif.com\/?s={search_term_string}"},"query-input":{"@type":"PropertyValueSpecification","valueRequired":true,"valueName":"search_term_string"}}],"inLanguage":"es"},{"@type":"Organization","@id":"https:\/\/www.gobiodif.com\/#organization","name":"Go BIODIF","url":"https:\/\/www.gobiodif.com\/","logo":{"@type":"ImageObject","inLanguage":"es","@id":"https:\/\/www.gobiodif.com\/#\/schema\/logo\/image\/","url":"https:\/\/www.gobiodif.com\/wp-content\/uploads\/2025\/01\/logo-biodif.png","contentUrl":"https:\/\/www.gobiodif.com\/wp-content\/uploads\/2025\/01\/logo-biodif.png","width":1750,"height":599,"caption":"Go BIODIF"},"image":{"@id":"https:\/\/www.gobiodif.com\/#\/schema\/logo\/image\/"}}]}},"_links":{"self":[{"href":"https:\/\/www.gobiodif.com\/index.php?rest_route=\/wp\/v2\/pages\/1519","targetHints":{"allow":["GET"]}}],"collection":[{"href":"https:\/\/www.gobiodif.com\/index.php?rest_route=\/wp\/v2\/pages"}],"about":[{"href":"https:\/\/www.gobiodif.com\/index.php?rest_route=\/wp\/v2\/types\/page"}],"author":[{"embeddable":true,"href":"https:\/\/www.gobiodif.com\/index.php?rest_route=\/wp\/v2\/users\/4"}],"replies":[{"embeddable":true,"href":"https:\/\/www.gobiodif.com\/index.php?rest_route=%2Fwp%2Fv2%2Fcomments&post=1519"}],"version-history":[{"count":8,"href":"https:\/\/www.gobiodif.com\/index.php?rest_route=\/wp\/v2\/pages\/1519\/revisions"}],"predecessor-version":[{"id":1528,"href":"https:\/\/www.gobiodif.com\/index.php?rest_route=\/wp\/v2\/pages\/1519\/revisions\/1528"}],"wp:attachment":[{"href":"https:\/\/www.gobiodif.com\/index.php?rest_route=%2Fwp%2Fv2%2Fmedia&parent=1519"}],"curies":[{"name":"wp","href":"https:\/\/api.w.org\/{rel}","templated":true}]}}